- 4. Let x be i(b). Let u(f) = 4*f**2 - 2*f**3 + f**3 + 4*f + 3 + 0 - 6*f**x. What is u(-2)?
-5
Let q(o) = o**2 - 5*o + 3. Let u be q(4). Let f(g) be the third derivative of -11*g**5/60 + g**4/12 + g**3/6 - 318*g**2. Calculate f(u).
-12
Let i = 458 - 462. Let v(t) be the second derivative of t**4/12 + t**3/3 + t**2 - t. Calculate v(i).
10
Suppose -4*m = -3*d + 10, -3*m = 2*m + 20. Let v = 3 - d. Let w(s) = -1 - v*s**2 + 7*s**3 - 8*s**3 - 2*s + 0*s. Give w(-5).
9
Let g(c) = 6*c - 1. Let x(d) = -10*d**2 + 52*d - 5. Let j be x(5). Let v(w) = w + 4. Let a be v(6). Suppose j*b = -0*b + a. Determine g(b).
11
Let y(z) = z**2 - 1248 - 13*z - 1231 + 2493 - 2*z**2. Calculate y(-14).
0
Let v(x) = -x + 4. Let a be (-8 - -6)*10/(-4). Suppose 35 = 5*z - a. Determine v(z).
-4
Let k(w) = 2*w**3 - w**2 - 4*w - 3. Let p be 4 + (-3)/(-9)*0. Suppose -p*t + 31 = 7. Let h be t/(-14) + (-33)/21. Determine k(h).
-15
Let i be -14*(6 - 3)/(-6). Let r(k) = -4*k**2 + 6*k - 25. Let x(y) = -3*y**2 + 4*y - 17. Let m(v) = i*x(v) - 5*r(v). What is m(4)?
-18
Let x(c) = 8*c**3 + c**2 - 1. Let k(q) = -3*q - 9. Let p be k(-5). Suppose p = -6*b + 12. Determine x(b).
8
Let a(i) = i**2 - i + 64. Let v be a(0). Let b = 65 - v. Let c(h) = 1. Let f(u) = 7*u**2 + 3. Let q(n) = -4*c(n) + f(n). Calculate q(b).
6
Let k(r) be the first derivative of 1/2*r**2 + 0*r + 5 - 1/6*r**3 + 1/24*r**4. Let w(p) be the second derivative of k(p). Calculate w(3).
2
Suppose 0 = -6*f - 43 - 83. Let n be f/(-21)*(-1 - -3). Let k(r) = -r**3 + 2*r**2 - 3*r + 2. Calculate k(n).
-4
Suppose -24 = 7*b - 10*b. Let l(z) = -8*z + b*z + 4*z**2 + 1 + 0. Determine l(1).
5
Suppose 7 = -c - 5*q, -3*c - 5 = -0*c - q. Let w(a) = 7*a**2 + 3*a**2 - 7*a**2 - 2*a**2 - 2. What is w(c)?
2
Let i(u) = u**2 + 8*u + 4. Suppose -g + 2*g = -4*q - 25, -11 = q + 5*g. Give i(q).
-8
Let x(p) = 2*p**2 - 1. Suppose 4*m - o = 4, -2*o - 3 + 0 = -3*m. Let l be (12/(-14))/(m/7). Let i = -5 - l. Calculate x(i).
1
Let r(o) = -3*o + 20. Let g(t) = t - 7. Let k(a) = 8*a**2 - 2*a + 1. Let m be k(1). Let h(q) = m*g(q) + 2*r(q). What is h(6)?
-3
Let v(h) = 3*h + 33. Let u(b) = 2*b + 17. Let d(i) = -5*u(i) + 3*v(i). Give d(10).
4
Suppose -g = -2*g - 4*a + 4, -5*g + 20 = -3*a. Let u(w) be the first derivative of w**4/4 - 4*w**3/3 - w**2 + 6*w - 1. Determine u(g).
-2
Let u(w) = 6*w**3 - 13*w**2 - 5*w - 6. Let p(f) = 5*f**3 - 12*f**2 - 5*f - 6. Let j(o) = -7*p(o) + 6*u(o). Determine j(-5).
6
Let c(t) = t**2 + t - 16. Let g(r) = -r + 4. Let f be g(0). Let h be c(f). Let n(d) = 2 + h*d + 0*d + 0*d. Determine n(-2).
-6
Let i = -49 + 51. Let d(v) = 13*v - v**i - 1 - 3*v - 2 - 9*v. Calculate d(0).
-3
Let x(f) = 8*f + 13. Let p(t) = 9*t + 12. Let u(h) = -5*p(h) + 6*x(h). Let d be u(-9). Let m(a) = a + 11. What is m(d)?
2
Let j(n) be the third derivative of n**5/120 + 7*n**4/12 - n**3/3 + 5*n**2. Let o(i) be the first derivative of j(i). Determine o(-6).
8
Let d = 453 - 452. Let x(f) = 4*f**3 + 0*f**2 + 0*f**2. Determine x(d).
4
Let s(r) = 11*r**2 + 2*r - 4. Let q(o) = 8*o**2 + o - 2. Let w(a) = -4*q(a) + 3*s(a). Suppose 0 = -l - 3*l - 12. Give w(l).
-1
Let c(t) be the first derivative of 5*t + 1/2*t**2 + 21. What is c(-6)?
-1
Let m(o) = o**3 - 4*o**2 - 2*o + 3. Let c(z) = -2*z. Let s be c(-4). Suppose 36 = p + s*p. Determine m(p).
-5
Let o(b) = b**3 - 4*b**2 + 4*b + 2. Let g(l) = 4*l**3 - 3*l**3 + l**2 - 14*l + 0*l**2 + 15*l. Let i(s) = -2*g(s) + o(s). Determine i(-6).
-10
Suppose 6*l - 25 = 11*l. Let i(o) = 2*o + 2. Let q(r) = -2*r - 3. Let b(t) = l*q(t) - 6*i(t). Calculate b(6).
-9
Let c(v) = -v**2 + 13*v + 12. Let x be c(14). Let l(h) be the first derivative of h**3/3 + h**2/2 - h - 42. Give l(x).
1
Let j(p) = -14*p - 2. Suppose 4*w - 4*s + 36 = 0, -w + 5*s = -0*w + 13. Let b(z) = -9*z - 1. Let u(c) = w*b(c) + 5*j(c). Let d = -3 - -5. Give u(d).
2
Let j = 37 + -33. Let k be 1/j - (-11)/4. Suppose -h - w + 5 = 0, -1 = k*w - 7. Let b(l) = -5*l + 1. Determine b(h).
-14
Suppose -68 = 19*a - 277. Let l(o) = 5*o - 47. Calculate l(a).
8
Let r(a) = 2*a**2 - 7*a + 3. Suppose -x + 40 = 7*x. What is r(x)?
18
Suppose -4*f - 12 = -c - f, 3*f = -5*c + 42. Let j be (4/(24/c) - 2)*10. Let n(i) = -i**2 - 4*i + 6. Determine n(j).
1
Let n be -8*4/8 - 3*-1. Let g(k) = 5*k**2 - 4*k**2 + 2*k - 2*k**2 + 2*k**2 + 1 - 5*k**3. Calculate g(n).
5
Suppose -5 = -3*d + 4. Let n(r) = r**3 - 3*r**2 - 2*r + 5. Let p be n(d). Let u(l) = 8*l. What is u(p)?
-8
Let n(l) be the third derivative of 7*l**4/24 + 476*l**2. Let v = 10 - 11. Give n(v).
-7
Suppose -2*g = -t, g = -t - g + 12. Let d(c) = 7 + 5*c + 2*c - t. Give d(2).
15
Let s(u) = 16*u - 1 - 4*u - 133*u**3 - 12*u**2 + 134*u**3. Give s(11).
10
Let z(a) = a - 1. Suppose -2*i + 2 = -5*t, 4*i = t - 6*t + 4. Let f be (1 - i) + (17 - 3). Let x = f + -16. Determine z(x).
-3
Let z(m) = m**3 - 8*m**2 + 9*m + 5. Let a(k) = -k**3 - 4*k**2 - 2*k - 7. Let y be a(-4). Let r be 1 + (7 - (y - 0)). Determine z(r).
19
Suppose 4*u = 8*u + 3*n - 11, -2*u + 5 = n. Suppose -3*j = -2*j - u. Suppose g + j*l + 5 = 0, -3*l - 25 = 2*g + 3*g. Let s(b) = -b - 5. Give s(g).
0
Suppose -10 = -t - 5*q - 7, q + 3 = t. Let n(r) = r**2 + r - 4. Give n(t).
8
Let a(b) be the second derivative of -11*b - 1/6*b**3 + 0 + 2*b**2. Calculate a(4).
0
Let v(n) = -19*n**3 + 9*n**2 + 12*n + 4. Let l(j) = -41*j**3 + 19*j**2 + 25*j + 9. Let h(o) = -6*l(o) + 13*v(o). Let m = 11 - 15. Let b = 8 + m. What is h(b)?
6
Let c(t) = -3*t + 9. Let g = -608 - -615. What is c(g)?
-12
Let w(v) = 4*v + 6. Let o = -160 + 157. What is w(o)?
-6
Let q be 1 + -4 + 7 - 2. Let g(f) = -34*f + 14*f + 1 + 22*f + q*f**2 - 15*f**2. Calculate g(-1).
-14
Let s(a) = -3*a**2 + 17 + 1 + a**3 + a**2 - 3*a - 18. Give s(4).
20
Let r(k) = -k**3 - 6*k**2 - 4*k + 4. Let h be 38/9 - (-7)/(63/(-2)). Suppose 4*f - 1 = -h*n - 37, 4*n - 4*f = 4. Determine r(n).
-12
Let u(m) be the second derivative of 5*m**3/3 - m**2/2 + 7*m + 2. Give u(1).
9
Suppose -5*y + 1 = -19. Suppose 3*b - 5*c - 136 = 0, c - 124 = -y*b + b. Let o be (-2)/(-7) + (-138)/b. Let m(t) = -t**2 + 3. What is m(o)?
-6
Let l(w) = w**3 - w**2 + w. Let c be 0*((-15)/60 + (-2)/(-24)). Determine l(c).
0
Let r be (2 - (-2 - 3)) + 0. Let v(x) = 2*x**2 - r*x + 4 + 2*x - 3*x**2 + x**3. Let l be -3 + ((-96)/(-15) - 6/15). Calculate v(l).
7
Let u(x) be the third derivative of -x**6/720 - x**5/120 - 41*x**4/24 + 19*x**2. Let d(j) be the second derivative of u(j). Calculate d(6).
-7
Let c(i) = -23*i**3 - 12*i**2 + 5*i + 17. Let u(t) = -63*t**3 - 35*t**2 + 15*t + 49. Let o(w) = -11*c(w) + 4*u(w). Let k = -8 + 15. Give o(k).
-5
Suppose -5*h + 21 = 6, -2*a = -3*h - 77. Let d = a - 43. Let i(g) be the first derivative of -g**2/2 + 5*g + 1. What is i(d)?
5
Let h(x) = 5*x. Let z(d) = -11*d - 1. Suppose 4*t = 20 + 8. Let v(u) = t*h(u) + 3*z(u). Give v(3).
3
Let n(l) = l + 1. Let v(g) = -g**2 + 10*g - 17. Let y be v(8). Determine n(y).
0
Let f = -2581 - -2581. Let c(w) = w**2 + w + 18. Calculate c(f).
18
Let h(c) = -8*c - 485. Let g be h(-62). Let m(d) = -3*d + 13. What is m(g)?
-20
Let w be ((-5)/3)/(2/(12/2)). Let d(v) = -20*v - 1. Let h(a) = 20*a + 1. Let j(z) = w*d(z) - 6*h(z). Determine j(-1).
19
Let b(z) = z**2 - 9*z + 5. Let t(v) = 2*v + 8. Let s be t(-1). Give b(s).
-13
Let c(t) be the third derivative of 0 + 0*t - 1/24*t**4 - 5/6*t**3 - 18*t**2. Let k(w) = w**2 - 7*w + 5. Let d be k(5). Give c(d).
0
Let y(d) be the third derivative of -d**4/24 + 7*d**3/6 + 10*d**2. Let h be y(8). Let t(p) = -2*p - p**2 - 1 - p**2 + 0. Determine t(h).
-1
Let j(h) = h**2 - 10*h - 7. Let b be (-198)/(-9) - (-5 - -16). Give j(b).
4
Suppose 25 = -5*q, -4*t - 5 = -0*t + q. Let p = 0 + 7. Let v(m) = 1 - p + 0*m + m + 4. What is v(t)?
-2
Let y = -26 + 35. Let c(x) = 10 + 2*x - 8*x - y. Give c(-1).
7
Let p(j) = -4*j. Let s(o) = 5*o - 25. Let c(n) = -n + 6. Let y(a) = 25*c(a) + 6*s(a). Let z(i) = 6*p(i) + 5*y(i). Calculate z(-8).
-8
Let t(x) = -2*x**3 + 8*x + x**2 + 8*x**2 + 7 + 3*x**3. Let o be (-12)/(15*4/40). Determine t(o).
7
Let z be (5 - 1) + (-25)/((-150)/72). Suppose z = -3*j - j. Let p(y) = -y**2 - 7*y - 6. Calculate p(j).
6
Let u(z) = -6*z**2 - 3*z - 2. Suppose 64 - 34 = 6*q. Let t be (q/(-5))/(4/2 + -1). What is u(t)?
-5
Let t(b) = b**3 + b**2 - 6*b - 5. Let k be t(-2). Let j(y) = -y**2